{"id":10,"date":"2023-10-17T12:08:57","date_gmt":"2023-10-17T10:08:57","guid":{"rendered":"https:\/\/svensonfotografie.de\/?page_id=10"},"modified":"2025-10-10T21:40:19","modified_gmt":"2025-10-10T19:40:19","slug":"kontakt","status":"publish","type":"page","link":"https:\/\/www.svensonfotografie.de\/index.php\/kontakt\/","title":{"rendered":"Kontakt &#038; Infos"},"content":{"rendered":"\n<p><\/p>\n\n\n\n<h2 class=\"wp-block-heading\">Kontakt<\/h2>\n\n\n\n<p><\/p>\n\n\n\n<p class=\"has-large-font-size\">Wenn dir meine Art zu fotografieren gef\u00e4llt und du dir w\u00fcnschst, dass ich auch deine besonderen Momente festhalte, freue ich mich sehr \u00fcber deine Nachricht. Schreib mir einfach \u2013 ich bin gespannt auf deine Ideen und Geschichten und freue mich darauf, dich kennenzulernen!<\/p>\n\n\n\n<p class=\"has-large-font-size\">F\u00fcr Anfragen oder R\u00fcckmeldungen kontaktiere mich gerne \u00fcber Instagram oder E-Mail.<\/p>\n\n\n\n<ul class=\"wp-block-social-links has-icon-color has-icon-background-color is-style-default is-layout-flex wp-block-social-links-is-layout-flex\"><li style=\"color:#ffffff;background-color:#3962e3;\" class=\"wp-social-link wp-social-link-instagram  wp-block-social-link\"><a href=\"https:\/\/instagram.com\/svenson_fotografie?igshid=OGQ5ZDc2ODk2ZA%3D%3D&#038;utm_source=qr\" class=\"wp-block-social-link-anchor\"><svg width=\"24\" height=\"24\" viewBox=\"0 0 24 24\" version=\"1.1\" xmlns=\"http:\/\/www.w3.org\/2000\/svg\" aria-hidden=\"true\" focusable=\"false\"><path d=\"M12,4.622c2.403,0,2.688,0.009,3.637,0.052c0.877,0.04,1.354,0.187,1.671,0.31c0.42,0.163,0.72,0.358,1.035,0.673 c0.315,0.315,0.51,0.615,0.673,1.035c0.123,0.317,0.27,0.794,0.31,1.671c0.043,0.949,0.052,1.234,0.052,3.637 s-0.009,2.688-0.052,3.637c-0.04,0.877-0.187,1.354-0.31,1.671c-0.163,0.42-0.358,0.72-0.673,1.035 c-0.315,0.315-0.615,0.51-1.035,0.673c-0.317,0.123-0.794,0.27-1.671,0.31c-0.949,0.043-1.233,0.052-3.637,0.052 s-2.688-0.009-3.637-0.052c-0.877-0.04-1.354-0.187-1.671-0.31c-0.42-0.163-0.72-0.358-1.035-0.673 c-0.315-0.315-0.51-0.615-0.673-1.035c-0.123-0.317-0.27-0.794-0.31-1.671C4.631,14.688,4.622,14.403,4.622,12 s0.009-2.688,0.052-3.637c0.04-0.877,0.187-1.354,0.31-1.671c0.163-0.42,0.358-0.72,0.673-1.035 c0.315-0.315,0.615-0.51,1.035-0.673c0.317-0.123,0.794-0.27,1.671-0.31C9.312,4.631,9.597,4.622,12,4.622 M12,3 C9.556,3,9.249,3.01,8.289,3.054C7.331,3.098,6.677,3.25,6.105,3.472C5.513,3.702,5.011,4.01,4.511,4.511 c-0.5,0.5-0.808,1.002-1.038,1.594C3.25,6.677,3.098,7.331,3.054,8.289C3.01,9.249,3,9.556,3,12c0,2.444,0.01,2.751,0.054,3.711 c0.044,0.958,0.196,1.612,0.418,2.185c0.23,0.592,0.538,1.094,1.038,1.594c0.5,0.5,1.002,0.808,1.594,1.038 c0.572,0.222,1.227,0.375,2.185,0.418C9.249,20.99,9.556,21,12,21s2.751-0.01,3.711-0.054c0.958-0.044,1.612-0.196,2.185-0.418 c0.592-0.23,1.094-0.538,1.594-1.038c0.5-0.5,0.808-1.002,1.038-1.594c0.222-0.572,0.375-1.227,0.418-2.185 C20.99,14.751,21,14.444,21,12s-0.01-2.751-0.054-3.711c-0.044-0.958-0.196-1.612-0.418-2.185c-0.23-0.592-0.538-1.094-1.038-1.594 c-0.5-0.5-1.002-0.808-1.594-1.038c-0.572-0.222-1.227-0.375-2.185-0.418C14.751,3.01,14.444,3,12,3L12,3z M12,7.378 c-2.552,0-4.622,2.069-4.622,4.622S9.448,16.622,12,16.622s4.622-2.069,4.622-4.622S14.552,7.378,12,7.378z M12,15 c-1.657,0-3-1.343-3-3s1.343-3,3-3s3,1.343,3,3S13.657,15,12,15z M16.804,6.116c-0.596,0-1.08,0.484-1.08,1.08 s0.484,1.08,1.08,1.08c0.596,0,1.08-0.484,1.08-1.08S17.401,6.116,16.804,6.116z\"><\/path><\/svg><span class=\"wp-block-social-link-label screen-reader-text\">Instagram<\/span><\/a><\/li>\n\n<li style=\"color:#ffffff;background-color:#3962e3;\" class=\"wp-social-link wp-social-link-mail  wp-block-social-link\"><a href=\"mailto:&#119;&#111;lle&#046;&#115;&#118;en&#115;&#111;n&#064;we&#098;.&#100;e\" class=\"wp-block-social-link-anchor\"><svg width=\"24\" height=\"24\" viewBox=\"0 0 24 24\" version=\"1.1\" xmlns=\"http:\/\/www.w3.org\/2000\/svg\" aria-hidden=\"true\" focusable=\"false\"><path d=\"M19,5H5c-1.1,0-2,.9-2,2v10c0,1.1.9,2,2,2h14c1.1,0,2-.9,2-2V7c0-1.1-.9-2-2-2zm.5,12c0,.3-.2.5-.5.5H5c-.3,0-.5-.2-.5-.5V9.8l7.5,5.6,7.5-5.6V17zm0-9.1L12,13.6,4.5,7.9V7c0-.3.2-.5.5-.5h14c.3,0,.5.2.5.5v.9z\"><\/path><\/svg><span class=\"wp-block-social-link-label screen-reader-text\">E-Mail<\/span><\/a><\/li><\/ul>\n\n\n\n<p><\/p>\n\n\n\n<p><\/p>\n\n\n\n<h1 class=\"wp-block-heading\">Weihnachtsshootings<\/h1>\n\n\n\n<p id=\"block-2ad4862e-95a4-4740-9c6f-76a23a3fea8a\"><\/p>\n\n\n\n<figure class=\"wp-block-gallery has-nested-images columns-default is-cropped wp-block-gallery-1 is-layout-flex wp-block-gallery-is-layout-flex\">\n<figure class=\"wp-block-image size-large\"><img decoding=\"async\" data-id=\"142\" src=\"https:\/\/svensonfotografie.de\/wp-content\/uploads\/2023\/10\/Weihnachtsmini-Kleins1031.jpg\" alt=\"\" class=\"wp-image-142\"\/><\/figure>\n<\/figure>\n\n\n\n<p><\/p>\n\n\n\n<p class=\"has-large-font-size\" id=\"block-2b485e61-128b-464c-991c-241541105959\"><strong>Dauer:<\/strong> 20-25 min<\/p>\n\n\n\n<p class=\"has-large-font-size\" id=\"block-6e05df92-fd67-4c00-a0c3-839955419cec\"><strong>Wo:<\/strong> Schwalbach<\/p>\n\n\n\n<p class=\"has-large-font-size\" id=\"block-65ca1690-157c-4d6d-a7f2-397366be9d52\"><strong>Preis:<\/strong> 75\u20ac<\/p>\n\n\n\n<p id=\"block-7000c7db-49c7-43be-a171-b8dea83d12a2\"><\/p>\n\n\n\n<p class=\"has-large-font-size\" id=\"block-289b429d-ea3a-4ff6-8ad5-a8793c484f8d\">Von Mitte Oktober bis Mitte November ist es wieder Zeit f\u00fcr Weihnachtsshootings. Meldet euch einfach bei Interesse f\u00fcr einen Termin zu vereinbaren. Ich freue mich auf euch =)<\/p>\n\n\n\n<p><\/p>\n\n\n\n<p><\/p>\n","protected":false},"excerpt":{"rendered":"<p>Kontakt Wenn dir meine Art zu fotografieren gef\u00e4llt und du dir w\u00fcnschst, dass ich auch deine besonderen Momente festhalte, freue ich mich sehr \u00fcber deine Nachricht. Schreib mir einfach \u2013 ich bin gespannt auf deine Ideen und Geschichten und freue mich darauf, dich kennenzulernen! F\u00fcr &hellip; <a href=\"https:\/\/www.svensonfotografie.de\/index.php\/kontakt\/\" class=\"more-link\"><span>Continue reading<span class=\"screen-reader-text\">Kontakt &#038; Infos<\/span><\/span><\/a><\/p>\n","protected":false},"author":1,"featured_media":0,"parent":0,"menu_order":0,"comment_status":"closed","ping_status":"closed","template":"","meta":{"pgc_sgb_lightbox_settings":"","footnotes":""},"class_list":["post-10","page","type-page","status-publish","hentry"],"_links":{"self":[{"href":"https:\/\/www.svensonfotografie.de\/index.php\/wp-json\/wp\/v2\/pages\/10","targetHints":{"allow":["GET"]}}],"collection":[{"href":"https:\/\/www.svensonfotografie.de\/index.php\/wp-json\/wp\/v2\/pages"}],"about":[{"href":"https:\/\/www.svensonfotografie.de\/index.php\/wp-json\/wp\/v2\/types\/page"}],"author":[{"embeddable":true,"href":"https:\/\/www.svensonfotografie.de\/index.php\/wp-json\/wp\/v2\/users\/1"}],"replies":[{"embeddable":true,"href":"https:\/\/www.svensonfotografie.de\/index.php\/wp-json\/wp\/v2\/comments?post=10"}],"version-history":[{"count":19,"href":"https:\/\/www.svensonfotografie.de\/index.php\/wp-json\/wp\/v2\/pages\/10\/revisions"}],"predecessor-version":[{"id":815,"href":"https:\/\/www.svensonfotografie.de\/index.php\/wp-json\/wp\/v2\/pages\/10\/revisions\/815"}],"wp:attachment":[{"href":"https:\/\/www.svensonfotografie.de\/index.php\/wp-json\/wp\/v2\/media?parent=10"}],"curies":[{"name":"wp","href":"https:\/\/api.w.org\/{rel}","templated":true}]}}